est common factor of 888 and 24.
24
Calculate the greatest common factor of 268 and 4.
4
Calculate the highest common factor of 17069 and 101.
101
Calculate the greatest common factor of 93 and 9827.
31
Calculate the greatest common factor of 8001 and 441.
63
Calculate the highest common factor of 850 and 510.
170
What is the highest common factor of 36 and 261?
9
Calculate the highest common divisor of 560 and 70.
70
Calculate the greatest common factor of 352 and 891.
11
Calculate the highest common divisor of 1462 and 646.
34
Calculate the greatest common divisor of 861 and 378.
21
What is the greatest common factor of 1805 and 19?
19
What is the highest common factor of 45 and 165?
15
Calculate the highest common factor of 715 and 4615.
65
What is the highest common divisor of 37 and 5587?
37
Calculate the greatest common factor of 15 and 555.
15
Calculate the greatest common divisor of 1073 and 29.
29
What is the highest common factor of 35 and 2345?
35
What is the highest common factor of 328 and 123?
41
What is the highest common divisor of 370 and 9805?
185
Calculate the highest common divisor of 848 and 742.
106
What is the greatest common divisor of 121 and 4840?
121
What is the highest common divisor of 2 and 27?
1
Calculate the greatest common factor of 20429 and 31.
31
Calculate the greatest common divisor of 36 and 342.
18
What is the highest common divisor of 40 and 6740?
20
Calculate the greatest common factor of 194 and 6499.
97
Calculate the greatest common divisor of 500 and 16.
4
Calculate the greatest common factor of 55280 and 5.
5
What is the greatest common divisor of 285 and 75?
15
What is the highest common factor of 7 and 1043?
7
Calculate the highest common factor of 328 and 205.
41
Calculate the highest common factor of 108 and 180.
36
What is the greatest common factor of 568 and 16?
8
What is the greatest common divisor of 87 and 4495?
29
What is the highest common divisor of 141 and 15?
3
Calculate the highest common divisor of 459 and 81.
27
Calculate the greatest common factor of 736 and 64.
32
Calculate the greatest common divisor of 84 and 651.
21
What is the greatest common divisor of 27 and 108?
27
Calculate the greatest common factor of 70 and 1246.
14
Calculate the highest common divisor of 40 and 2680.
40
What is the highest common factor of 90 and 760?
10
Calculate the highest common divisor of 24 and 27.
3
Calculate the greatest common divisor of 14 and 13594.
14
Calculate the highest common factor of 2 and 1278.
2
What is the greatest common divisor of 4104 and 760?
152
Calculate the greatest common divisor of 4067 and 249.
83
Calculate the highest common factor of 1060 and 12.
4
What is the highest common divisor of 1 and 73?
1
What is the highest common factor of 230 and 17434?
46
Calculate the highest common factor of 444 and 324.
12
Calculate the highest common divisor of 40 and 55.
5
Calculate the greatest common divisor of 11623 and 197.
197
Calculate the greatest common factor of 77 and 42.
7
What is the greatest common factor of 6004 and 38?
38
What is the greatest common divisor of 9469 and 17?
17
Calculate the greatest common factor of 30 and 130.
10
What is the greatest common factor of 174 and 150?
6
Calculate the greatest common factor of 6755 and 35.
35
What is the greatest common factor of 35 and 15?
5
What is the highest common factor of 43932 and 14?
14
What is the highest common factor of 10 and 13010?
10
What is the greatest common factor of 11 and 583?
11
What is the greatest common divisor of 336 and 84?
84
Calculate the highest common factor of 3 and 151.
1
Calculate the highest common factor of 54 and 351.
27
What is the highest common divisor of 40 and 16?
8
Calculate the highest common factor of 13 and 7319.
13
What is the greatest common divisor of 225 and 300?
75
What is the highest common factor of 28384 and 32?
32
What is the greatest common factor of 48 and 3?
3
Calculate the highest common divisor of 1675 and 1072.
67
What is the greatest common factor of 1426 and 46?
46
What is the highest common divisor of 136 and 2176?
136
What is the highest common divisor of 79 and 2?
1
Calculate the greatest common divisor of 5751 and 71.
71
Calculate the greatest common factor of 183 and 305.
61
Calculate the highest common divisor of 3835 and 2360.
295
Calculate the highest common factor of 34 and 1751.
17
What is the highest common factor of 322 and 4232?
46
Calculate the greatest common divisor of 324 and 20.
4
Calculate the highest common factor of 48 and 648.
24
Calculate the highest common factor of 270 and 2790.
90
What is the highest common factor of 48 and 36?
12
What is the highest common divisor of 56 and 840?
56
Calculate the greatest common divisor of 7 and 91.
7
What is the highest common divisor of 11 and 1837?
11
Calculate the highest common divisor of 2 and 793.
1
Calculate the highest common divisor of 40 and 140.
20
What is the highest common divisor of 44 and 2167?
11
Calculate the highest common divisor of 84 and 525.
21
Calculate the highest common factor of 882 and 490.
98
What is the highest common divisor of 46 and 1127?
23
Calculate the highest common factor of 12482 and 316.
158
Calculate the highest common factor of 1717 and 578.
17
What is the greatest common factor of 145 and 58?
29
Calculate the greatest common factor of 21 and 154.
7
What is the greatest common divisor of 228 and 12?
12
Calculate the greatest common factor of 1407 and 1809.
201
What is the greatest common factor of 44 and 121?
11
Calculate the highest common factor of 99 and 11.
11
What is the greatest common divisor of 624 and 184?
8
Calculate the greatest common factor of 35 and 154.
7
Calculate the highest common divisor of 920 and 46.
46
What is the highest common factor of 2 and 6074?
2
What is the highest common factor of 2224 and 16?
16
What is the highest common factor of 3591 and 135?
27
What is the highest common factor of 3116 and 656?
164
Calculate the greatest common factor of 78 and 1248.
78
What is the highest common factor of 56 and 7?
7
What is the greatest common factor of 102 and 13821?
51
What is the highest common divisor of 288 and 80?
16
Calculate the highest common divisor of 108 and 81.
27
Calculate the greatest common factor of 1972 and 348.
116
Calculate the greatest common divisor of 20989 and 139.
139
Calculate the highest common factor of 156 and 16068.
156
What is the highest common factor of 4923 and 9?
9
What is the highest common divisor of 20 and 4330?
10
Calculate the highest common divisor of 2175 and 87.
87
What is the greatest common divisor of 17 and 38216?
17
What is the greatest common factor of 5200 and 150?
50
What is the greatest common divisor of 32 and 28?
4
Calculate the highest common factor of 294 and 84.
42
What is the highest common factor of 9899 and 57?
19
Calculate the highest common divisor of 40 and 3112.
8
What is the greatest common factor of 38 and 22059?
19
Calculate the greatest common divisor of 55 and 2255.
55
Calculate the greatest common divisor of 48 and 64.
16
Calculate the greatest common divisor of 4 and 652.
4
What is the greatest common factor of 18 and 2718?
18
What is the highest common factor of 92 and 23?
23
What is the highest common factor of 32571 and 66?
33
What is the highest common factor of 284 and 11005?
71
What is the highest common factor of 255 and 102?
51
Calculate the greatest common factor of 253 and 115.
23
Calculate the highest common divisor of 72 and 30.
6
What is the greatest common factor of 24 and 8?
8
Calculate the greatest common divisor of 552 and 192.
24
What is the greatest common divisor of 791 and 7?
7
Calculate the highest common divisor of 663 and 153.
51
What is the highest common divisor of 513 and 152?
19
Calculate the highest common factor of 5723 and 194.
97
Calculate the greatest common factor of 657 and 45.
9
Calculate the highest common factor of 2 and 348.
2
Calculate the highest common divisor of 7220 and 285.
95
What is the greatest common divisor of 900 and 108?
36
Calculate the highest common factor of 10 and 85.
5
What is the highest common divisor of 1311 and 342?
57
What is the greatest common divisor of 192 and 93?
3
Calculate the greatest common divisor o